{"id":87,"date":"2023-08-31T11:28:51","date_gmt":"2023-08-31T11:28:51","guid":{"rendered":"https:\/\/www.flirtdonthurt.ch\/?page_id=87"},"modified":"2024-03-11T17:50:05","modified_gmt":"2024-03-11T17:50:05","slug":"pilotprojekt-2023-2024","status":"publish","type":"page","link":"https:\/\/www.flirtdonthurt.ch\/index.php\/millegrazie\/pilotprojekt-2023-2024\/","title":{"rendered":"Pilotprojekt 2023 \/ 2024"},"content":{"rendered":"\n<h2 class=\"wp-block-heading\">Mille Grazie: gegen sexualisierte Gewalt im Nachtleben<\/h2>\n\n\n\n<p>Das Pilotprojekt ist ein Teilprojekt im Bereich Nachtleben innerhalb der Kampagne \u00abBern schaut hin\u00bb &#8211; Gemeinsam gegen Sexismus und Queerfeindlichkeit der Stadt Bern und richtet sich an Betriebe des Nachtlebens, an Gastrobetriebe und an deren Nutzer*innen. Die Betriebe werden unterst\u00fctzt, Konzepte zur Pr\u00e4vention und Intervention bei sexistischen, queerfeindlichen und sexuellen Bel\u00e4stigungen, allgemein sexualisierter Gewalt zu entwickeln und umzusetzen.<\/p>\n\n\n\n<p>Der Verein Flirt don\u2019t hurt! \u2013 aktiv gegen sexualisierte Gewalt im Berner Nachtleben, welcher bereits 2018 gegr\u00fcndet wurde, ist f\u00fcr das Teilprojekt \u00abMille Grazie: gegen sexualisierte Gewalt im Nachtleben\u00bb von der Stadt Bern mandatiert.\u00a0<\/p>\n\n\n\n<p>Die Erste Phase des Pilotprojekts wurde im 2023 gemeinsam mit 5 Betrieben aus dem Nacht- und Gastgewerbe der Stadt Bern durchgef\u00fchrt. Das Kapitel Bollwerk, das Jugend- und Kulturzentrum Gaskessel Bern, der ISC Club, das Bierh\u00fcbeli sowie der Dachstock wurden mittels Coachings f\u00fcr die F\u00fchrungsebene begleitet, haben sich an monatlichen Austauschtreffen \u00fcber geeignete Massnahmen unterhalten, erhielten Unterlagen f\u00fcr die Auseinandersetzung mit dem Thema und Schulungen f\u00fcr das Personal und es wurden die Plakate der Kampagne &#171;Mille Grazie&#187; f\u00fcr die Sensibilisieren der Besucher*innen zur Verf\u00fcgung gestellt.<\/p>\n\n\n\n<p>Weitere Informationen zum Projekt k\u00f6nnen per Email unter info@flirtdonthurt.ch angefordert werden. <\/p>\n\n\n\n<p>Nun geht das Pilotprojekt in die zweite und letzte Runde. Bis Mitte M\u00e4rz 2024 k\u00f6nnen sich Betriebe aus der Stadt Bern mit <a href=\"https:\/\/www.flirtdonthurt.ch\/wp-content\/uploads\/2023\/04\/Flirt-Dont-Hurt-Anmeldeformular-Pilotprojekt.pdf\">folgendem Formular<\/a> f\u00fcr die Teilnahme bewerben. Am Mittwoch, 20. M\u00e4rz 2024 um 18.30 Uhr findet die Kick-Off Veranstaltung mit den ausgew\u00e4hlten 5 Betrieben statt. <\/p>\n","protected":false},"excerpt":{"rendered":"<p>Mille Grazie: gegen sexualisierte Gewalt im Nachtleben Das Pilotprojekt ist ein Teilprojekt im Bereich Nachtleben innerhalb der Kampagne \u00abBern schaut hin\u00bb &#8211; Gemeinsam gegen Sexismus und Queerfeindlichkeit der Stadt Bern und richtet sich an Betriebe des Nachtlebens, an Gastrobetriebe und an deren Nutzer*innen. Die Betriebe werden unterst\u00fctzt, Konzepte zur Pr\u00e4vention und Intervention bei sexistischen, queerfeindlichen &hellip; <a href=\"https:\/\/www.flirtdonthurt.ch\/index.php\/millegrazie\/pilotprojekt-2023-2024\/\" class=\"more-link\"><span class=\"screen-reader-text\">&#8220;Pilotprojekt 2023 \/ 2024&#8221; <\/span>weiterlesen<\/a><\/p>\n","protected":false},"author":1,"featured_media":0,"parent":69,"menu_order":1,"comment_status":"closed","ping_status":"closed","template":"","meta":{"footnotes":""},"class_list":["post-87","page","type-page","status-publish","hentry"],"_links":{"self":[{"href":"https:\/\/www.flirtdonthurt.ch\/index.php\/wp-json\/wp\/v2\/pages\/87"}],"collection":[{"href":"https:\/\/www.flirtdonthurt.ch\/index.php\/wp-json\/wp\/v2\/pages"}],"about":[{"href":"https:\/\/www.flirtdonthurt.ch\/index.php\/wp-json\/wp\/v2\/types\/page"}],"author":[{"embeddable":true,"href":"https:\/\/www.flirtdonthurt.ch\/index.php\/wp-json\/wp\/v2\/users\/1"}],"replies":[{"embeddable":true,"href":"https:\/\/www.flirtdonthurt.ch\/index.php\/wp-json\/wp\/v2\/comments?post=87"}],"version-history":[{"count":7,"href":"https:\/\/www.flirtdonthurt.ch\/index.php\/wp-json\/wp\/v2\/pages\/87\/revisions"}],"predecessor-version":[{"id":145,"href":"https:\/\/www.flirtdonthurt.ch\/index.php\/wp-json\/wp\/v2\/pages\/87\/revisions\/145"}],"up":[{"embeddable":true,"href":"https:\/\/www.flirtdonthurt.ch\/index.php\/wp-json\/wp\/v2\/pages\/69"}],"wp:attachment":[{"href":"https:\/\/www.flirtdonthurt.ch\/index.php\/wp-json\/wp\/v2\/media?parent=87"}],"curies":[{"name":"wp","href":"https:\/\/api.w.org\/{rel}","templated":true}]}}